 when 10646670 is divided by 1175.
1170
Calculate the remainder when 88639192 is divided by 22159796.
8
What is the remainder when 183071784 is divided by 412?
408
What is the remainder when 819581 is divided by 163905?
56
Calculate the remainder when 23293 is divided by 14.
11
What is the remainder when 140855 is divided by 5424?
5255
Calculate the remainder when 3169596 is divided by 158.
116
What is the remainder when 4329586 is divided by 1151?
675
What is the remainder when 79722 is divided by 234?
162
Calculate the remainder when 61544 is divided by 11.
10
What is the remainder when 209840 is divided by 123?
2
What is the remainder when 2536123 is divided by 281789?
22
Calculate the remainder when 879737 is divided by 30.
17
Calculate the remainder when 1914744 is divided by 50386.
76
Calculate the remainder when 8314641 is divided by 1578.
159
Calculate the remainder when 399730 is divided by 11019.
3046
Calculate the remainder when 517963 is divided by 3502.
3169
Calculate the remainder when 589095 is divided by 141.
138
Calculate the remainder when 96937385 is divided by 23580.
5
What is the remainder when 6604 is divided by 6146?
458
What is the remainder when 7868 is divided by 812?
560
What is the remainder when 59721 is divided by 19818?
267
What is the remainder when 231266 is divided by 9?
2
Calculate the remainder when 138319369 is divided by 367.
5
What is the remainder when 175493 is divided by 19461?
344
Calculate the remainder when 20137192 is divided by 1503.
1501
Calculate the remainder when 1956565 is divided by 600.
565
Calculate the remainder when 629382 is divided by 44953.
40
What is the remainder when 33681 is divided by 15704?
2273
Calculate the remainder when 986631 is divided by 405.
51
What is the remainder when 71587 is divided by 33267?
5053
Calculate the remainder when 6239040 is divided by 281.
278
Calculate the remainder when 556064 is divided by 2147.
2138
What is the remainder when 133293562 is divided by 128?
122
What is the remainder when 63626 is divided by 15510?
1586
Calculate the remainder when 318668 is divided by 105531.
2075
Calculate the remainder when 334377 is divided by 47752.
113
Calculate the remainder when 1468170 is divided by 293632.
10
Calculate the remainder when 1636084 is divided by 34.
4
What is the remainder when 76485 is divided by 25447?
144
What is the remainder when 27489 is divided by 1827?
84
What is the remainder when 661144 is divided by 220335?
139
Calculate the remainder when 1637195 is divided by 4166.
4123
What is the remainder when 1178065 is divided by 1641?
1468
Calculate the remainder when 27965419 is divided by 5199.
5197
Calculate the remainder when 4930243 is divided by 325.
318
What is the remainder when 7295157 is divided by 221064?
45
Calculate the remainder when 542653252 is divided by 26.
24
Calculate the remainder when 451997 is divided by 833.
511
Calculate the remainder when 3564906 is divided by 94.
50
Calculate the remainder when 1685046 is divided by 18515.
181
What is the remainder when 275158 is divided by 137019?
1120
What is the remainder when 564325 is divided by 12824?
69
What is the remainder when 377532 is divided by 47020?
1372
Calculate the remainder when 98841 is divided by 9770.
1141
Calculate the remainder when 21259023 is divided by 184861.
8
Calculate the remainder when 878494 is divided by 5596.
5518
What is the remainder when 13161 is divided by 2572?
301
Calculate the remainder when 12335438 is divided by 27845.
103
Calculate the remainder when 1063805 is divided by 949.
925
Calculate the remainder when 36666971 is divided by 1462.
11
What is the remainder when 153221319 is divided by 3320?
3319
What is the remainder when 18493656 is divided by 973350?
6
Calculate the remainder when 209414 is divided by 52340.
54
Calculate the remainder when 448183399 is divided by 175.
174
What is the remainder when 7799329 is divided by 408?
1
Calculate the remainder when 2666427 is divided by 10.
7
Calculate the remainder when 79946 is divided by 7977.
176
Calculate the remainder when 2861079 is divided by 785.
539
Calculate the remainder when 411099 is divided by 203460.
4179
Calculate the remainder when 585483 is divided by 170.
3
Calculate the remainder when 76229300 is divided by 25409766.
2
What is the remainder when 855399 is divided by 220?
39
Calculate the remainder when 3119569 is divided by 117.
115
What is the remainder when 39584940 is divided by 2744?
2740
Calculate the remainder when 65174565 is divided by 12.
9
Calculate the remainder when 42099674 is divided by 197.
183
What is the remainder when 2184226 is divided by 5380?
5326
Calculate the remainder when 66525657 is divided by 109.
14
What is the remainder when 3515204 is divided by 654?
608
Calculate the remainder when 1218998 is divided by 76187.
6
What is the remainder when 3770744 is divided by 1256877?
113
Calculate the remainder when 307903 is divided by 872.
87
What is the remainder when 83535 is divided by 297?
78
What is the remainder when 9464985 is divided by 450709?
96
What is the remainder when 190062 is divided by 190056?
6
Calculate the remainder when 98811 is divided by 96.
27
Calculate the remainder when 26893 is divided by 470.
103
What is the remainder when 57662 is divided by 19084?
410
What is the remainder when 363768 is divided by 33066?
42
What is the remainder when 115876 is divided by 503?
186
Calculate the remainder when 412846 is divided by 6553.
7
What is the remainder when 798854 is divided by 1019?
977
Calculate the remainder when 4268780 is divided by 41044.
204
Calculate the remainder when 1372756 is divided by 9874.
270
What is the remainder when 844773 is divided by 1332?
285
What is the remainder when 7682 is divided by 983?
801
Calculate the remainder when 31396853 is divided by 461.
448
Calculate the remainder when 2566004 is divided by 157.
153
Calculate the remainder when 9685 is divided by 9314.
371
What is the remainder when 6321702 is divided by 162094?
36
Calculate the remainder when 269954 is divided by 504.
314
Calculate the remainder when 22410968 is divided by 5602740.
8
What is the remainder when 1688497 is divided by 19187?
41
Calculate the remainder when 11824188 is divided by 407720.
308
Calculate the remainder when 509785 is divided by 7050.
2185
What is the remainder when 64220232 is divided by 19443?
3
What is the remainder when 12894838 is divided by 344?
342
Calculate the remainder when 3324199 is divided by 110.
109
What is the remainder when 307887892 is divided by 2306?
2302
Calculate the remainder when 438703 is divided by 6862.
6397
Calculate the remainder when 97564 is divided by 182.
12
What is the remainder when 315887 is divided by 2527?
12
Calculate the remainder when 896900 is divided by 448436.
28
Calculate the remainder when 105176486 is divided by 343.
338
Calculate the remainder when 231266 is divided by 73.
2
Calculate the remainder when 13758968 is divided by 2816.
2808
Calculate the remainder when 123693 is divided by 161.
45
What is the remainder when 268584274 is divided by 134292127?
20
What is the remainder when 44787 is divided by 22239?
309
What is the remainder when 585272 is divided by 3363?
110
Calculate the remainder when 826721218 is divided by 3315.
3313
What is the remainder when 34266 is divided by 5978?
4376
What is the remainder when 59795078 is divided by 8946?
14
What is the remainder when 20456 is divided by 20125?
331
Calculate the remainder when 563031 is divided by 99.
18
What is the remainder when 39553663 is divided by 1881?
1876
What is the remainder when 2104081345 is divided by 482?
479
What is the remainder when 550243 is divided by 78606?
1
What is the remainder when 1393202 is divided by 696563?
76
What is the remainder when 1826427 is divided by 940?
7
What is the remainder when 5599277 is divided by 1184?
141
What is the remainder when 1171806 is divided by 73?
10
What is the remainder when 1397342 is divided by 134?
124
Calculate the remainder when 957755 is divided by 512.
315
Calculate the remainder when 53748 is divided by 112.
100
What is the remainder when 203111 is divided by 67668?
107
What is the remainder when 263118 is divided by 231?
9
Calculate the remainde